 g + 1 - 2*g**l. What is w(-4)?
5
Let r be (0 - 2)/(12/(-126)). Suppose -5*z + r = 3*w, 5*z - w - 1 - 12 = 0. Let n(q) = q. Determine n(z).
3
Let s(j) = -j**3 + j**2. Let v = -21 + 12. Let z = v - -9. Determine s(z).
0
Let x(s) be the second derivative of -s**4/24 - 41*s**2/2 + 23*s. Let d(o) be the first derivative of x(o). Calculate d(4).
-4
Let u(k) = -2*k**3 - 51*k**2 - 25*k + 1. Let t be u(-25). Let w(n) = 20*n**2. Determine w(t).
20
Let i = 90 + -81. Let j(z) = i*z - 12*z - 3 + 6*z. Give j(-3).
-12
Let u be 2/(-4)*(-4)/1. Let m(i) = 1 + 3*i**2 - 2*i**2 + i - 2*i**u. What is m(3)?
-5
Let s(n) = -3*n - 7. Let y(i) = -2*i - 21. Suppose 2*o - g = -15, -3*o - 7*g + 2*g = 29. Let r be y(o). Calculate s(r).
8
Let o(i) be the third derivative of 0*i - 5*i**2 + 1/2*i**3 + 0 - 1/24*i**4. Give o(5).
-2
Let m = 58 + -61. Let s be m - (-1 + 3 - 4). Let f(q) = -2*q. Determine f(s).
2
Let c(n) be the second derivative of -n**5/20 - 2*n**4/3 - 5*n**3/6 - n**2/2 + 566*n. Determine c(-5).
-51
Let s(y) = 2*y**2 + 2*y. Let r be s(2). Let z be (-20)/9 - r/(-54). Let q(v) = -2*v. Calculate q(z).
4
Let k(b) = 2*b**3 - b**2 - 2*b - 2. Let q be k(0). Let a(m) = 3*m - 2. Determine a(q).
-8
Let g(j) = -j**3 - j**2 + j + 1. Let r be g(-2). Let i(z) = -z + r*z + 0*z - 3*z. Suppose 4*l + p + 11 = 0, 3 - 11 = l + 2*p. Calculate i(l).
2
Let w(n) be the first derivative of n**2/2 + 23*n - 27. Give w(0).
23
Let p(a) be the third derivative of a**6/120 + a**5/10 - 3*a**4/4 - 4*a**3/3 + 8*a**2. Let n be p(-8). Let g(j) = -j**2 + 10*j - 9. What is g(n)?
7
Suppose 2*o = t - 38, o + 15 = 2*t - 46. Let y(a) = -2 - 54*a**2 + 27*a**2 - 5*a + t*a**2. Let v(z) = -z**2 + 7*z - 5. Let x be v(5). Calculate y(x).
-2
Let b be 2/6*(3 - 3). Let y(q) = 6 - 4 + 5 + q - 3. Calculate y(b).
4
Let b(j) = j**2 - 4*j - 3. Let a(m) be the third derivative of -m**4/6 + 13*m**3/3 + 15*m**2. Let u be a(7). Determine b(u).
9
Let j(l) = -37*l**2 + 150*l - 2. Let f be j(4). Let c(s) = s**3 - 10*s**2 + 10*s - 4. Let x be c(9). Let n(g) = -g - x*g - 2 + g**2 + 3. Determine n(f).
1
Let x(y) = 3*y**3 + 2*y**2 - 5*y - 29. Let w(c) = 2*c**3 + c**2 - 3*c - 15. Let d(q) = 5*w(q) - 3*x(q). What is d(0)?
12
Let s = 4 - 2. Suppose -10 = g - 6*g. Let i(w) = -s*w - w + g*w + 0*w. Calculate i(-2).
2
Let j(s) = -s**3 + 5*s**2 - 3*s - 6. Suppose -h = 4*c - 3*h - 18, 0 = 3*c + 2*h + 4. Suppose 0 = c*x - 28 + 18. Calculate j(x).
-21
Let w be (-12)/(-18) - (-31)/3. Let h = 11 - w. Let a(g) = 21*g**3 - 3*g**2 + 2 + h - 23*g**3. Determine a(-2).
6
Let h(b) = b + 10. Suppose 4 = 2*q + 3*t - 2, 0 = 4*q + t - 12. Suppose -2*j = q*j + 35. Determine h(j).
3
Let x(s) = -s**3 - s**2 - s + 6. Let i be 30/4*(-48)/(-20). Let b = i + -16. Suppose 4 = n + b*d, 5*d - 1 = 5*n + 9. What is x(n)?
6
Let k(z) be the third derivative of z**6/60 + z**5/15 + z**4/12 - 4*z**2. Suppose -6 = -5*j - 4*r, -j + 7*r - 18 = 3*r. Give k(j).
-4
Let w = -544 + 538. Let c(j) = -j**2 + 0*j**2 - 6*j + 7 - j. Determine c(w).
13
Let x(w) = w**2 + 18. Let m(d) = -3*d**3 - 22*d**2 - 10*d - 21. Let v be m(-7). Determine x(v).
18
Let w(f) = f. Let h(r) = r**3 - r**2 - 3*r. Let d(i) = h(i) + 2*w(i). Suppose 5*a - x - 2 = -0*a, -8 = 4*x. Determine d(a).
0
Let t(m) be the first derivative of 3/2*m**3 + 3/4*m**4 - 8*m + 1/20*m**5 + 7 + 9/2*m**2. Let x(j) be the first derivative of t(j). Give x(-8).
1
Let n(p) = 11*p**2 + p - 8*p**2 + 4 + 2*p**2 - 8 + p**3. Suppose 0 = -130*r + 126*r - 16. Calculate n(r).
8
Let w be (-1 - 6/(-9))*0. Let m(b) be the second derivative of 1/2*b**2 + w - 1/12*b**4 + 2*b + 0*b**3. Give m(-3).
-8
Let z(y) = 5*y + 3. Suppose -6 + 39 = -11*t. Give z(t).
-12
Let c(u) = u**2 - 3*u - 2. Let n = 38 - 39. Let j be ((n + 3)*3)/2. Determine c(j).
-2
Suppose 11 - 19 = -2*d. Suppose 5*h - 84 + 19 = 0. Suppose 0 = -d*q - 2*k - 10, -4*q - 3*k = h. Let l(g) = -3*g - 1. Give l(q).
2
Let a be 76/18 + (-4)/18. Let u = 43 - 41. Let g(j) = -8 + 3*j - a*j + u*j. Calculate g(4).
-4
Let y(o) = o**3 + 15*o**2 + 14*o + 11. Let k = 603 + -617. Give y(k).
11
Let n(v) = 6*v + 3. Let c = 37 - 33. Suppose 2*a - j + 1 = c*j, -a = 3*j + 6. Calculate n(a).
-15
Suppose -18*c = -21*c + 12. Suppose -4*w + 4*j = 12, 3*w - 6*w = -c*j + 8. Let n(b) = -b**2 - 7*b - 6. Determine n(w).
6
Suppose -f + 2 + 5 = 0. Suppose f*y - 3*y = 20. Let j(a) = a**3 - 4*a**2 - 6*a - 2. Determine j(y).
-7
Let k(f) = 28 + 169*f + 7*f**2 - 22 - 165*f + f**3. Give k(-7).
-22
Let a = -11 + 8. Let l be (-1)/((-4)/(-36)*a). Let j(z) be the third derivative of z**5/60 + z**4/12 - 2*z**3/3 + z**2. Determine j(l).
11
Suppose 2*r = 5*d - 32, -3*d - 20 = 4*r - 2*d. Let l = 5 + r. Let j(m) = m - 1. Give j(l).
-2
Let b be (4/(-6))/((-2)/(-6)). Let v be 2 + (-4 - (-2)/b). Let a(t) be the second derivative of -t**5/20 - t**4/4 - t**3/6 + 3*t**2/2 - 163*t. Give a(v).
6
Let u(k) = 3*k - 4. Suppose 4*c + 43 = -x + 11, c = -5*x - 27. Let p = 10 + c. What is u(p)?
5
Let b(o) = -o**3 + 9*o**2 - 5*o - 7. Let h = 427 - 419. Give b(h).
17
Suppose -6*o = 8 - 26. Let u(d) = -o - 3*d**2 - 3*d**2 - 2*d**2 + 0*d**3 - d**3. Determine u(-8).
-3
Let x(w) = -14*w + 2. Let d be x(-2). Let g be (-2)/((-3)/d*4). Suppose 0 = a + g*a + 6. Let r(m) = 9*m + 1. Calculate r(a).
-8
Suppose 0 = u + 3*u + 5*f + 36, -3*u - 32 = 5*f. Let g(l) = -5*l**2 + 4*l**3 - 5*l**3 + 5*l + l**2 + 4. Determine g(u).
-16
Let d(b) be the first derivative of b**3/3 + 7*b**2/2 + 6*b + 522. Let c = 1 + -5. What is d(c)?
-6
Let f(k) = k**3 - 11*k**2 + 3*k - 22. Let r = 1374 + -1363. What is f(r)?
11
Let x(g) = 18*g - 96*g + 79*g + 11. Give x(-9).
2
Let a(b) = -b**3 - b**2 - 9. Let t = -13 - -13. Suppose 0 = 6*q - t. Calculate a(q).
-9
Let w(a) be the second derivative of 2/3*a**3 + 1/6*a**4 + 0 + a**2 + 4*a. Give w(-2).
2
Suppose -3*a = 2*a. Suppose -7*i + 3*i = a. Let y(f) = 64*f**3 - 63*f**3 + 3*f**2 - 4 - 2*f**2. What is y(i)?
-4
Let o(d) = d**3 - d**2 + d - 10. Let x(m) = m + 4. Let t be x(-10). Let u be 1 + 3 + t + 2. Calculate o(u).
-10
Let d = 77 + -81. Let l be 6 - 4/(1 + 1). Let h(k) = k - l + 0*k - 1 + k**2. Calculate h(d).
7
Suppose -12*r + 15 = -7*r. Suppose 12 = v + r*v. Let a(x) = -x**3 + 3*x**2 - 3*x + 1. Calculate a(v).
-8
Suppose 2*h - 15 - 14 = 3*j, 0 = 2*j + 4*h - 2. Let p(c) = -42*c + 3. Let b(g) = 14*g - 1. Let r(o) = j*b(o) - 2*p(o). Calculate r(-1).
15
Let g(k) = -k**3 - k**2 + 2. Let r(q) = 2*q - 6. Let h(l) = -l**2 + 10*l - 8. Let p be h(6). Let d = p + -12. Let s be r(d). Calculate g(s).
-10
Let l(b) = -b**3 - 14*b**2 - 13*b. Suppose 4*c + 184 = 132. What is l(c)?
0
Suppose 49*o - 21 - 28 = 0. Let s(w) be the second derivative of w**5/2 + w**4/12 + 4*w. What is s(o)?
11
Suppose -4*h = -u + 4, -88*u + 4*h + 4 = -91*u. Let v(m) = m**2 + 7*m + 2. Let i be v(-7). Let a(j) = 6 + 2*j**2 + 1 - j**i. Determine a(u).
7
Let r(d) = -7*d**3 + 7*d**2 + 12*d - 16. Let x(g) = 24*g**3 - 19*g**2 - 35*g + 49. Let m(u) = -7*r(u) - 2*x(u). Determine m(12).
-10
Suppose -18*q - 11 + 83 = 0. Suppose -40 = 5*j + 2*c, 2 = -4*j + q*c - 2. Let a(i) = i**3 + 6*i**2 - 2. Give a(j).
-2
Let h(c) = -5 - c + 1 + 0*c. Give h(4).
-8
Let b be (10/4)/((-330)/(-1056)). Let x(m) be the second derivative of 0*m**2 + 0 - 1/3*m**3 + b*m. Give x(-2).
4
Let m(r) = -2*r**2 + 415*r - r**3 + 0*r**3 - 417*r. Calculate m(-2).
4
Suppose 2*h = -2 - 0. Let j(s) = -35*s**3 - 33*s**2 - 11*s + 5. Let n(d) = 7*d**3 + 6*d**2 + 2*d - 1. Let l(m) = -2*j(m) - 11*n(m). Determine l(h).
8
Let j(w) = -w**3 - 6*w**2 - 6*w - 3. Let c be j(-5). Let u(o) = -o**2 + 12*o + 16. Let y be u(13). Let f(b) = 3 + 28*b**2 + 31*b**2 - 56*b**2 - y*b. Give f(c).
9
Let j(i) = 34*i + 145. Let z(y) = 11*y + 47. Let w(k) = 4*j(k) - 13*z(k). Give w(-5).
4
Suppose -2*b - 2 = -4*b. Let g be 4/8*2*b. Let s(a) = -a + 4*a - a - 5*a + g. Determine s(2).
-5
Let a(l) = l**2 + 7*l + 7. Let y(q) = -q**3 + 22*q**2 + 22*q - 1. Let w be y(23). Let x = -5 + 7. Let m be ((-3)/(-6))/(x/w). What is a(m)?
1
Let g(m) be the first derivative of -m - 5*m + 2 + 7*m + 5*m**2. Give g(-1).
-9
Let i(o) = -o**3 + o**2 - 2. Suppose -5*z = 5, -5*t - 2*z + 87 = 14. Suppose 5*q - t = -4*y, 5*q - 12 = q. Calculate i(y).
-2
Let o(y) = 25*y - 25. Let l(z) = -3*z + 3. Let a(q) = 51*l(q) + 6*o(q). Let m(n) = -2*n + 2. Let i = -13 - -5. Let t(g) = i*m